181?
113, 683, 839
List the prime factors of 54111416.
2, 337, 20071
List the prime factors of 94655423.
94655423
What are the prime factors of 4360608578?
2, 89, 359, 68239
List the prime factors of 1463342588.
2, 17971, 20357
What are the prime factors of 511041831?
3, 1193, 142789
What are the prime factors of 814006310?
2, 5, 13, 6261587
List the prime factors of 154462695.
3, 5, 10297513
List the prime factors of 244439407.
244439407
List the prime factors of 34276081.
7, 4896583
List the prime factors of 3742004118.
2, 3, 3539, 176227
What are the prime factors of 90503761?
751, 120511
What are the prime factors of 1172836022?
2, 11383, 51517
What are the prime factors of 59313096?
2, 3, 107, 7699
What are the prime factors of 203548003?
79, 2576557
List the prime factors of 111664532.
2, 7, 569717
What are the prime factors of 81037940?
2, 5, 293, 13829
List the prime factors of 362963631.
3, 19, 283, 22501
What are the prime factors of 90495521?
43, 2104547
List the prime factors of 17072853.
3, 7, 577, 1409
What are the prime factors of 229646420?
2, 5, 37, 310333
What are the prime factors of 889167879?
3, 23, 151, 28447
What are the prime factors of 400485718?
2, 2287, 87557
What are the prime factors of 196470522?
2, 3, 1212781
What are the prime factors of 3206716478?
2, 7, 2281, 100417
What are the prime factors of 339895724?
2, 7, 1811, 6703
List the prime factors of 2322894326.
2, 431, 1459, 1847
What are the prime factors of 11446720?
2, 5, 35771
List the prime factors of 1472643855.
3, 5, 10908473
List the prime factors of 936188460.
2, 3, 5, 419, 12413
What are the prime factors of 2947383493?
19, 3671, 42257
What are the prime factors of 158229969?
3, 79, 349, 1913
What are the prime factors of 893585270?
2, 5, 109, 167, 4909
What are the prime factors of 7536658970?
2, 5, 753665897
List the prime factors of 175888569.
3, 607, 96589
List the prime factors of 464672673.
3, 17210099
List the prime factors of 144829508.
2, 5527, 6551
What are the prime factors of 416400?
2, 3, 5, 347
List the prime factors of 697435476.
2, 3, 58119623
What are the prime factors of 1552789090?
2, 5, 211, 735919
List the prime factors of 94252714.
2, 653, 72169
What are the prime factors of 618956976?
2, 3, 11, 29, 40423
What are the prime factors of 527365891?
13, 17, 2386271
What are the prime factors of 452449034?
2, 587, 385391
What are the prime factors of 114088200?
2, 3, 5, 190147
List the prime factors of 14916107.
14916107
What are the prime factors of 27003071?
27003071
What are the prime factors of 264724373?
503, 526291
List the prime factors of 44549563.
131, 340073
List the prime factors of 924519691.
924519691
List the prime factors of 367991.
13, 28307
What are the prime factors of 3479745964?
2, 869936491
List the prime factors of 3140234708.
2, 13, 60389129
What are the prime factors of 151151396?
2, 11, 389, 8831
List the prime factors of 7617821.
541, 14081
List the prime factors of 142306889.
113, 977, 1289
What are the prime factors of 44902769?
44902769
What are the prime factors of 1364200859?
7, 73, 2669669
What are the prime factors of 850449244?
2, 29, 251, 29209
List the prime factors of 32399840.
2, 5, 11, 41, 449
What are the prime factors of 5192089922?
2, 2596044961
What are the prime factors of 3766058426?
2, 13, 1997, 72533
What are the prime factors of 1755414366?
2, 3, 71, 811, 5081
What are the prime factors of 386629384?
2, 1571, 30763
What are the prime factors of 10992122?
2, 193, 28477
List the prime factors of 994724741.
271, 3670571
List the prime factors of 746898274.
2, 23, 61, 71, 163
List the prime factors of 277561789.
10613, 26153
List the prime factors of 133262338.
2, 11, 6057379
List the prime factors of 193244251.
193244251
List the prime factors of 5246695709.
5246695709
List the prime factors of 453451762.
2, 23, 9857647
What are the prime factors of 201665765?
5, 7, 5761879
What are the prime factors of 40566390?
2, 3, 5, 1019, 1327
List the prime factors of 898100175.
3, 5, 7, 244381
List the prime factors of 4575463287.
3, 1525154429
What are the prime factors of 50540294?
2, 7, 3610021
List the prime factors of 263112635.
5, 52622527
What are the prime factors of 349989513?
3, 43, 61, 79, 563
What are the prime factors of 34805941?
1129, 30829
List the prime factors of 4418992470.
2, 3, 5, 2917, 50497
What are the prime factors of 217623336?
2, 3, 7, 1295377
What are the prime factors of 44057862?
2, 3, 41, 59699
List the prime factors of 28073246.
2, 14036623
What are the prime factors of 34309086?
2, 3, 7, 816883
What are the prime factors of 42112237?
2099, 20063
List the prime factors of 1033144906.
2, 3821, 135193
List the prime factors of 1993730340.
2, 3, 5, 7, 241, 19697
List the prime factors of 175252375.
5, 1402019
List the prime factors of 2413190181.
3, 804396727
What are the prime factors of 2030878263?
3, 3511, 192811
List the prime factors of 804610090.
2, 5, 2269, 35461
List the prime factors of 317300717.
31, 10235507
What are the prime factors of 230236469?
101, 2279569
What are the prime factors of 919618617?
3, 67, 4575217
List the prime factors of 107535208.
2, 11, 197, 6203
What are the prime factors of 316689552?
2, 3, 31, 61, 1163
List the prime factors of 289503914.
2, 7, 17, 53, 59, 389
List the prime factors of 122593930.
2, 5, 163, 75211
List the prime factors of 2686533496.
2, 335816687
What are the prime factors of 827313206?
2, 43, 89, 108089
What are the prime factors of 18916874?
2, 29, 326153
List the prime factors of 3949984.
2, 17, 53, 137
List the prime factors of 496014724.
2, 29, 4275989
List the prime factors of 132510296.
2, 47, 352421
What are the prime factors of 329537614?
2, 7, 29, 37, 21937
List the prime factors of 2466714411.
3, 7, 67, 131, 1487
What are the prime factors of 14387987?
661, 21767
What are the prime factors of 1268531920?
2, 5, 29, 546781
List the prime factors of 1908322154.
2, 954161077
List the prime factors of 2853825998.
2, 179, 223, 35747
List the prime factors of 352705355.
5, 61, 263, 4397
What are the prime factors of 605121254?
2, 379, 751, 1063
List the prime factors of 180671717.
3701, 48817
List the prime factors of 10173459.
3, 227, 14939
What are the prime factors of 103745190?
2, 3, 5, 3458173
What are the prime factors of 64795864?
2, 7, 1157069
List the prime factors of 199657976.
2, 7, 3565321
What are the prime factors of 143171401?
143171401
List the prime factors of 134843428.
2, 31, 61, 17827
List the prime factors of 78256732.
2, 29, 43, 541
What are the prime factors of 29647276?
2, 23, 14011
What are the prime factors of 142991440?
2, 5, 1787393
List the prime factors of 516598878.
2, 3, 6571, 13103
List the prime factors of 2200257401.
137, 271, 59263
List the prime factors of 306988831.
4051, 75781
What are the prime factors of 1243254787?
1243254787
What are the prime factors of 9416825?
5, 11, 283
List the prime factors of 366237439.
1129, 324391
List the prime factors of 223073583.
3, 74357861
What are the prime factors of 455436926?
2, 7, 73, 445633
What are the prime factors of 344201415?
3, 5, 83, 276467
What are the prime factors of 322717231?
103, 3133177
What are the prime factors of 6170491280?
2, 5, 77131141
What are the prime factors of 130924776?
2, 3, 59, 92461
List the prime factors of 257131057.
89, 2889113
List the prime factors of 360661071.
3, 120220357
List the prime factors of 1482984928.
2, 89, 179, 2909
What are the prime factors of 3543143236?
2, 37, 317, 75521
List the prime factors of 227046438.
2, 3, 41, 307651
What are the prime factors of 15852760?
2, 5, 7, 11, 5147
List the prime factors of 22797536.
2, 653, 1091
What are the prime factors of 90393399?
3, 61, 229, 719
List the prime factors of 10674099.
3, 131779
List the prime factors of 60759794.
2, 431, 70487
What are the prime factors of 181770059?
8527, 21317
List the prime factors of 904186733.
4801, 188333
List the prime factors of 91812910.
2, 5, 7, 37, 35449
What are the prime factors of 1208876581?
11, 1093, 100547
What are the prime factors of 26987466?
2, 3, 11, 17, 67, 359
What are the prime factors of 20181304?
2, 11, 13, 23, 59
List the prime factors of 10866029.
311, 34939
List the prime factors o